477)/(-27)*2/((-4)/6). Let n = k - -71. List the prime factors of n.
2, 3
Suppose 0 = -42*y + 21*y - 189. What are the prime factors of (-145)/2*(27/y - 7)?
5, 29
Let u(r) = -r**3 - 6*r**2 - 2*r - 19. Suppose -2*w = -4*f - 26, -f + 2*w = -4*f - 16. Let h be u(f). Let z(g) = -g - 5. List the prime factors of z(h).
2
Let r(i) = 150*i**3 - 34*i**2 + i + 2. List the prime factors of r(2).
2, 3, 89
Suppose 21*l - 27*l = -30. Suppose -5*a - 3540 = -5*n, n + l*a - 897 + 183 = 0. Let d = n + -488. List the prime factors of d.
13, 17
Let x(u) = 23*u**2 + 30*u - 50. Let m be x(23). Suppose 8*n = -n + m. What are the prime factors of n?
1423
Let o(j) = 33*j**2 - 3*j + 40. Let m be o(7). Let i = -1087 + m. List the prime factors of i.
3, 61
Suppose -4*r + 7*r - 38946 = 0. List the prime factors of r.
2, 6491
Suppose 69 = -6*r - 15. Let f(i) = 36*i - 5 - 42*i + 17. What are the prime factors of f(r)?
2, 3
Let p be 2 + 1 - 0/3. Suppose 2*j = 5*j, 2*f + 6 = -j. List the prime factors of (-1)/(p/1215*f).
3, 5
Suppose -2*l - 5*p = -38944 - 23396, -16 = 4*p. What are the prime factors of l?
2, 5, 1559
What are the prime factors of (-5)/(60/(-18)) - (8 - (-94892)/(-8))?
5, 2371
Let f be 12*(-4 - (-33)/12). Let i = -10 - f. Suppose 5*x + 34 = s, 3*s - 4*x + 68 = i*s. List the prime factors of s.
2, 17
Suppose 2*t + 16481 = 3*h, -9895 = -5*h - 4*t + 17544. What are the prime factors of h?
17, 19
Let g be 2 - (1664 - (4 + -8)). Let c = -3055 - g. List the prime factors of c/(-15) + 3/(-5).
2, 23
Suppose 0 = 21*v - 6*v - 8115. Let j = 938 - v. List the prime factors of j.
397
Let c = 10975 + -5411. List the prime factors of c.
2, 13, 107
Suppose 4*t = -48 + 464. What are the prime factors of -1 + (661/(-4))/((-26)/t)?
2, 3, 5, 11
Let s(f) = 2*f**3 - 31*f**2 + 49*f - 6. Let n(w) = -3*w**3 + 32*w**2 - 51*w + 5. Let r(p) = -3*n(p) - 4*s(p). What are the prime factors of r(-29)?
5, 83
Let w be (-63)/(-12) + (-11)/44. Suppose -2*m = -u + 239, -1183 = -w*u - 4*m + 8*m. What are the prime factors of u?
5, 47
Let b(l) = 6*l - 73. Let p be b(-7). Let m = p + 512. What are the prime factors of m?
397
Let n = 3 + -29. Let f(x) = 14*x**3 + 18*x + 25. Let g be f(-2). Let b = n - g. List the prime factors of b.
97
Suppose 2080 = -5*d + 9*d. Let w = d - 245. What are the prime factors of w?
5, 11
Let k(g) = -48*g + 185. Let z(a) = 22*a - 92. Let b(q) = 3*k(q) + 5*z(q). List the prime factors of b(-9).
401
Let w(c) = 227*c**2 - 7*c + 1. List the prime factors of w(-6).
5, 31, 53
Let l be (45/20)/(-9) + 2/8. Suppose 5*x + 0*f - f = 1, -2*x + 5*f - 18 = l. What are the prime factors of 3 - x - 9/((-18)/100)?
2, 13
Let a(h) = -11*h - 46. Let z be a(-6). List the prime factors of (-2 - -1028) + z/(-5).
2, 7, 73
Let s = 8744 + -7385. List the prime factors of s.
3, 151
Let i(v) = v**2 + 22*v + 149. Let y be i(-9). List the prime factors of 1681 - (y/4 + -11).
2, 421
Let a = -24885 - -35933. List the prime factors of a.
2, 1381
Suppose 9*a + 5*u = 17*a - 3710, 3*u = 4*a - 1858. What are the prime factors of a?
2, 5, 23
Suppose v - 1 + 6 = 0, -13 = -4*k + 5*v. Let y be k/4 + (-220)/(-16). Let j(f) = f**3 - 11*f**2 - 23*f - 7. What are the prime factors of j(y)?
2
Let y = 67 + -51. List the prime factors of ((y + -2)/(-1))/(18/(-513)).
3, 7, 19
Suppose -8*h = 2*i - 77376, 5*i - 2*h = 2*h + 193512. What are the prime factors of i?
2, 3, 5, 43
Suppose -3*s + 5*s - 5*n = 51, -3*s = 4*n - 88. Suppose -s*t + 31*t - 1248 = 0. List the prime factors of t.
2, 13
Suppose -58 = 5*f - 5*q - 493, 0 = 3*f + 4*q - 268. Suppose 6*d - f = -34. Suppose 446 = d*i - 1669. What are the prime factors of i?
5, 47
Let t be (-23)/46 + (-13)/2 + -1. What are the prime factors of (6/t)/((-33)/19976)?
2, 227
Let k(r) = -17*r**2 + 3*r - 2. Suppose -5*n = -15, 5*w - 4*n + 7*n = 14. Let q be k(w). What are the prime factors of (2/q*-214)/(1/4)?
107
Suppose -3*w = 2*k - 25291, 2*w - 2848 = -5*k + 14020. What are the prime factors of w?
8429
Let w(x) = 213*x - 16. Let n(i) = -212*i + 15. Let u(s) = 4*n(s) + 3*w(s). Let q be u(-3). Suppose -5*o = -8*o + q. List the prime factors of o.
3, 71
Let i(q) = -2*q + 24. Let u be i(15). Let h be -282 - u*(-8)/12. Let c = -136 - h. What are the prime factors of c?
2, 3, 5
Let m be (6 - 27/(-18)) + (-2)/(-4). Suppose m*t - 3061 = -565. What are the prime factors of t?
2, 3, 13
Suppose 3*g = -w + 5, -g + 7 = 2*w - 3*w. Let f be (-10)/g*(-15)/10. Suppose f*v = -37 + 212. What are the prime factors of v?
5, 7
Let t = 9159 - -9363. List the prime factors of t.
2, 3, 7
Suppose 20*u = 15*u + 1290. List the prime factors of 88/33*u/4.
2, 43
Suppose 0 = -10*f - 14*f + 120. Suppose 3*j - 14 + f = 0, 3*j = 4*k - 3775. List the prime factors of k.
2, 11, 43
Suppose 12*g - 23786 = 10*g - 2*v, -g + 11903 = 3*v. What are the prime factors of g?
2, 743
Suppose -4*a = 152 - 60. Suppose 12*n - 132 = 9*n. Let u = n + a. List the prime factors of u.
3, 7
Suppose 2*x + 3*a - 13 = 6, 0 = 2*x - 5*a + 21. Suppose 2298 = 5*t - j, 4*t - 3*j = -x*j + 1839. List the prime factors of t.
3, 17
Suppose -5*n = z - 1241, 2*z + 3*n - 2416 = 4*n. List the prime factors of z.
7, 173
Suppose 0 = -9*p + 43 - 34. What are the prime factors of ((-2208)/(-207))/(p/141)?
2, 47
Let x(o) = -4*o + 3 - 2*o + 1. Let f be x(-4). Let s = 148 - f. What are the prime factors of s?
2, 3, 5
Suppose 4*d - 12783 - 9334 = i, 4*d - 3*i - 22127 = 0. List the prime factors of d.
2, 691
Let s = 47156 + -7012. List the prime factors of s.
2, 13, 193
Let r = 6226 + 2196. List the prime factors of r.
2, 4211
Suppose -1960 = -113*z + 111*z. Suppose 3*t + 2*n - 561 - z = 0, t + 5*n = 518. List the prime factors of t.
3, 19
Suppose -5*n - 120 = -5*b, 0 = b - 5*b. Let j(k) = 3*k**2 + 22*k + 45. What are the prime factors of j(n)?
3, 5, 83
List the prime factors of (9/12)/((-396)/(-2695440)).
5, 1021
Suppose 0 = -a + 4 - 9. Let n(i) = i**2 + i + 1. Let u(s) = s**3 + 8*s**2 + 6*s + 6. Let r(h) = -2*n(h) + u(h). List the prime factors of r(a).
3
Let u = -71 + 74. Suppose -u*o + 4*d = -164, -4*d - 8 = -2*o + 108. List the prime factors of o.
2, 3
Suppose k - 3513 = 4*b, 80*k - 3*b = 82*k - 7026. List the prime factors of k.
3, 1171
Let b(a) be the second derivative of a**5/20 - a**4 - 37*a**3/6 - 31*a**2/2 - 79*a. List the prime factors of b(16).
401
Suppose 4*b + 58680 = 2*u, 93*b - 95*b - 10 = 0. What are the prime factors of u?
2, 5, 7, 419
Let n be 15/5 - 2*-13. Suppose 0 = n*l - 24*l - 115. Suppose -22*h + l*h = 125. What are the prime factors of h?
5
Let b = 29 + -27. Let a be (13/b)/((-4)/(-8)). Suppose -y + a = -2*s, -4*y = -y + 3*s - 3. List the prime factors of y.
5
Let d = 203 + -195. Suppose -3*t - r - 57 = 0, -3*r + 27 = -2*t - 0*r. What are the prime factors of -252*(t/d)/3?
3, 7
Let l = 51276 + 604. What are the prime factors of l?
2, 5, 1297
Let j be (-1)/(-4 - (-38)/10)*-71. Let g = j + 562. What are the prime factors of g?
3, 23
Suppose 5*f - 17299 - 732 = -s, 0 = -3*f + 3*s + 10797. List the prime factors of f.
5, 7, 103
Suppose -s - 5 = 0, -2*q + 0*q = -4*s - 17642. Suppose 107*t - q = 98*t. What are the prime factors of t?
11, 89
Let r be (-36)/(-54)*(-2 - 1). Let m(p) = -144*p + 40. What are the prime factors of m(r)?
2, 41
Let n = 746 - 372. Let r = -214 + n. Suppose -5*v - i = -336 - 40, -2*v + 2*i + r = 0. What are the prime factors of v?
2, 19
Suppose 0 = 32*o - 36*o. Suppose 3*x + d + 28 = -o*x, -x + 5*d + 12 = 0. Let j = x + 72. List the prime factors of j.
2
Let l be 171708/(-533) - 2/(-13). Let m = 1117 + l. List the prime factors of m.
3, 5, 53
Let x be 9/6*(2 - 5 - -5). Suppose -2*b - 3*n + 600 = 0, -x*b = -3*n - 243 - 642. List the prime factors of b.
3, 11
Suppose 0 = 9*d + 130 - 76. List the prime factors of d + 1 - (11 + -8 + -515).
3, 13
Suppose 5*x + 5*r = 2810, 0*x - 5*x = -2*r - 2838. Let p = x + -254. What are the prime factors of p?
2, 3, 13
Let m = 6649 - 5753. What are the prime factors of m?
2, 7
Let z(l) = l**2 - 28*l + 15. Let v be z(34). Let g = v + 126. List the prime factors of g.
3, 5, 23
Suppose w - 5*m - 28 = 0, 2*w + 4 = 13*m - 15*m. Suppose 353 = 5*d + 5*n + w, -n = -4*d + 265. List the prime factors of d.
67
Let y = 4798 - 2619. Suppose 3*g + 2*d - 2864 = 0, 4*d + y + 2609 = 5*g. List the pr